Dec 03 00:51:38.612 INFO testing native-tls-0.2.2 against master#8940af3cea4a9a9deabcaf843b2f8cad9a83fc61 for beta-1.31-5
Dec 03 00:51:38.612 INFO running `"docker" "create" "-v" "/mnt/big/crater/work/local/target-dirs/beta-1.31-5/worker-2/master#8940af3cea4a9a9deabcaf843b2f8cad9a83fc61:/target:rw,Z" "-v" "/mnt/big/crater/work/local/test-source/worker-2/beta-1.31-5/master#8940af3cea4a9a9deabcaf843b2f8cad9a83fc61:/source:ro,Z" "-v" "/mnt/big/crater/work/local/cargo-home:/cargo-home:ro,Z" "-v" "/mnt/big/crater/work/local/rustup-home:/rustup-home:ro,Z" "-e" "USER_ID=1000" "-e" "SOURCE_DIR=/source" "-e" "USER_ID=1000" "-e" "CMD=cargo +8940af3cea4a9a9deabcaf843b2f8cad9a83fc61-alt build --frozen" "-e" "CARGO_TARGET_DIR=/target" "-e" "CARGO_INCREMENTAL=0" "-e" "RUST_BACKTRACE=full" "-e" "RUSTFLAGS=--cap-lints=warn" "-e" "CARGO_HOME=/cargo-home" "-e" "RUSTUP_HOME=/rustup-home" "-m" "1536M" "--network" "none" "crater"`
Dec 03 00:51:38.830 INFO [stdout] c5879539501f26e14e6b81dc63cdebefc2eabf7ea74a249f38bb19bef4719d26
Dec 03 00:51:38.836 INFO running `"docker" "start" "-a" "c5879539501f26e14e6b81dc63cdebefc2eabf7ea74a249f38bb19bef4719d26"`
Dec 03 00:51:39.288 INFO [stderr] usermod: no changes
Dec 03 00:51:39.369 INFO [stderr]    Compiling native-tls v0.2.2 (/source)
Dec 03 00:51:42.353 INFO [stderr]     Finished dev [unoptimized + debuginfo] target(s) in 3.04s
Dec 03 00:51:42.358 INFO [stderr] su: No module specific data is present
Dec 03 00:51:43.103 INFO running `"docker" "inspect" "c5879539501f26e14e6b81dc63cdebefc2eabf7ea74a249f38bb19bef4719d26"`
Dec 03 00:51:43.471 INFO running `"docker" "rm" "-f" "c5879539501f26e14e6b81dc63cdebefc2eabf7ea74a249f38bb19bef4719d26"`
Dec 03 00:51:43.707 INFO [stdout] c5879539501f26e14e6b81dc63cdebefc2eabf7ea74a249f38bb19bef4719d26
Dec 03 00:51:43.715 INFO running `"docker" "create" "-v" "/mnt/big/crater/work/local/target-dirs/beta-1.31-5/worker-2/master#8940af3cea4a9a9deabcaf843b2f8cad9a83fc61:/target:rw,Z" "-v" "/mnt/big/crater/work/local/test-source/worker-2/beta-1.31-5/master#8940af3cea4a9a9deabcaf843b2f8cad9a83fc61:/source:ro,Z" "-v" "/mnt/big/crater/work/local/cargo-home:/cargo-home:ro,Z" "-v" "/mnt/big/crater/work/local/rustup-home:/rustup-home:ro,Z" "-e" "USER_ID=1000" "-e" "SOURCE_DIR=/source" "-e" "USER_ID=1000" "-e" "CMD=cargo +8940af3cea4a9a9deabcaf843b2f8cad9a83fc61-alt test --frozen --no-run" "-e" "CARGO_TARGET_DIR=/target" "-e" "CARGO_INCREMENTAL=0" "-e" "RUST_BACKTRACE=full" "-e" "RUSTFLAGS=--cap-lints=warn" "-e" "CARGO_HOME=/cargo-home" "-e" "RUSTUP_HOME=/rustup-home" "-m" "1536M" "--network" "none" "crater"`
Dec 03 00:51:44.055 INFO [stdout] 9d87e8e59f71f85ce740d94f59918705dcc8a5c55b75c2ce344a807f13788d7b
Dec 03 00:51:44.060 INFO running `"docker" "start" "-a" "9d87e8e59f71f85ce740d94f59918705dcc8a5c55b75c2ce344a807f13788d7b"`
Dec 03 00:51:44.587 INFO [stderr] usermod: no changes
Dec 03 00:51:44.711 INFO [stderr]    Compiling native-tls v0.2.2 (/source)
Dec 03 00:51:49.410 INFO [stderr]     Finished dev [unoptimized + debuginfo] target(s) in 4.79s
Dec 03 00:51:49.416 INFO [stderr] su: No module specific data is present
Dec 03 00:51:49.754 INFO running `"docker" "inspect" "9d87e8e59f71f85ce740d94f59918705dcc8a5c55b75c2ce344a807f13788d7b"`
Dec 03 00:51:49.828 INFO running `"docker" "rm" "-f" "9d87e8e59f71f85ce740d94f59918705dcc8a5c55b75c2ce344a807f13788d7b"`
Dec 03 00:51:49.905 INFO [stdout] 9d87e8e59f71f85ce740d94f59918705dcc8a5c55b75c2ce344a807f13788d7b
Dec 03 00:51:49.908 INFO running `"docker" "create" "-v" "/mnt/big/crater/work/local/target-dirs/beta-1.31-5/worker-2/master#8940af3cea4a9a9deabcaf843b2f8cad9a83fc61:/target:rw,Z" "-v" "/mnt/big/crater/work/local/test-source/worker-2/beta-1.31-5/master#8940af3cea4a9a9deabcaf843b2f8cad9a83fc61:/source:ro,Z" "-v" "/mnt/big/crater/work/local/cargo-home:/cargo-home:ro,Z" "-v" "/mnt/big/crater/work/local/rustup-home:/rustup-home:ro,Z" "-e" "USER_ID=1000" "-e" "SOURCE_DIR=/source" "-e" "USER_ID=1000" "-e" "CMD=cargo +8940af3cea4a9a9deabcaf843b2f8cad9a83fc61-alt test --frozen" "-e" "CARGO_TARGET_DIR=/target" "-e" "CARGO_INCREMENTAL=0" "-e" "RUST_BACKTRACE=full" "-e" "RUSTFLAGS=--cap-lints=warn" "-e" "CARGO_HOME=/cargo-home" "-e" "RUSTUP_HOME=/rustup-home" "-m" "1536M" "--network" "none" "crater"`
Dec 03 00:51:50.055 INFO [stdout] 319a8733b1bffebe062f3f90a7a7f7cb853c157bad7808fe940d4822c7633523
Dec 03 00:51:50.060 INFO running `"docker" "start" "-a" "319a8733b1bffebe062f3f90a7a7f7cb853c157bad7808fe940d4822c7633523"`
Dec 03 00:51:50.534 INFO [stderr] usermod: no changes
Dec 03 00:51:50.603 INFO [stderr]     Finished dev [unoptimized + debuginfo] target(s) in 0.05s
Dec 03 00:51:50.612 INFO [stderr]      Running /target/debug/deps/native_tls-93507bbfbc47ce32
Dec 03 00:51:50.621 INFO [stdout] 
Dec 03 00:51:50.621 INFO [stdout] running 13 tests
Dec 03 00:51:50.655 INFO [stdout] test test::tests::import_same_identity_multiple_times ... ok
Dec 03 00:51:50.686 INFO [stdout] test test::tests::server_no_shared_protocol ... ok
Dec 03 00:51:50.691 INFO [stdout] test test::tests::server ... ok
Dec 03 00:51:50.696 INFO [stdout] test test::tests::peer_certificate ... ok
Dec 03 00:51:50.701 INFO [stdout] test test::tests::server_pem ... ok
Dec 03 00:51:50.724 INFO [stdout] test test::tests::connect_bad_hostname ... FAILED
Dec 03 00:51:50.724 INFO [stdout] test test::tests::server_tls11_only ... ok
Dec 03 00:51:50.726 INFO [stdout] test test::tests::connect_bad_hostname_ignored ... FAILED
Dec 03 00:51:50.726 INFO [stdout] test test::tests::connect_google ... FAILED
Dec 03 00:51:50.732 INFO [stdout] test test::tests::server_untrusted ... ok
Dec 03 00:51:50.733 INFO [stdout] test test::tests::tls_server_end_point ... ok
Dec 03 00:51:50.739 INFO [stdout] test test::tests::server_untrusted_unverified ... ok
Dec 03 00:51:50.772 INFO [stdout] test test::tests::shutdown ... ok
Dec 03 00:51:50.772 INFO [stderr] error: test failed, to rerun pass '--lib'
Dec 03 00:51:50.772 INFO [stdout] 
Dec 03 00:51:50.772 INFO [stdout] failures:
Dec 03 00:51:50.772 INFO [stdout] 
Dec 03 00:51:50.772 INFO [stdout] ---- test::tests::connect_bad_hostname stdout ----
Dec 03 00:51:50.772 INFO [stdout] thread 'test::tests::connect_bad_hostname' panicked at 'Custom { kind: Other, error: StringError("failed to lookup address information: Temporary failure in name resolution") }', src/test.rs:40:17
Dec 03 00:51:50.772 INFO [stdout] stack backtrace:
Dec 03 00:51:50.772 INFO [stdout]    0:     0x563a6f79885f - std::sys::unix::backtrace::tracing::imp::unwind_backtrace::h3a8b83e1922cbdde
Dec 03 00:51:50.772 INFO [stdout]                                at libstd/sys/unix/backtrace/tracing/gcc_s.rs:49
Dec 03 00:51:50.772 INFO [stdout]    1:     0x563a6f7a2857 - std::sys_common::backtrace::print::h00d3155a29b4020f
Dec 03 00:51:50.772 INFO [stdout]                                at libstd/sys_common/backtrace.rs:71
Dec 03 00:51:50.772 INFO [stdout]                                at libstd/sys_common/backtrace.rs:59
Dec 03 00:51:50.772 INFO [stdout]    2:     0x563a6f79d10f - std::panicking::default_hook::{{closure}}::hd7465c742e79e1bb
Dec 03 00:51:50.772 INFO [stdout]                                at libstd/panicking.rs:211
Dec 03 00:51:50.772 INFO [stdout]    3:     0x563a6f79ce0e - std::panicking::default_hook::h9e3966f2aa2a6e12
Dec 03 00:51:50.772 INFO [stdout]                                at libstd/panicking.rs:221
Dec 03 00:51:50.772 INFO [stdout]    4:     0x563a6f79d7ee - std::panicking::rust_panic_with_hook::h587f091ae747d080
Dec 03 00:51:50.772 INFO [stdout]                                at libstd/panicking.rs:476
Dec 03 00:51:50.772 INFO [stdout]    5:     0x563a6f79d391 - std::panicking::continue_panic_fmt::hb3a4fdede87f43a8
Dec 03 00:51:50.772 INFO [stdout]                                at libstd/panicking.rs:390
Dec 03 00:51:50.772 INFO [stdout]    6:     0x563a6f79d2de - std::panicking::begin_panic_fmt::h387afc7da9a10555
Dec 03 00:51:50.772 INFO [stdout]                                at libstd/panicking.rs:345
Dec 03 00:51:50.772 INFO [stdout]    7:     0x563a6f6ef0f1 - native_tls::test::tests::connect_bad_hostname::h080a5a0aba29b2ce
Dec 03 00:51:50.772 INFO [stdout]                                at src/test.rs:40
Dec 03 00:51:50.772 INFO [stdout]    8:     0x563a6f6eede9 - native_tls::test::tests::connect_bad_hostname::{{closure}}::h676711748eb6fefc
Dec 03 00:51:50.772 INFO [stdout]                                at src/test.rs:38
Dec 03 00:51:50.772 INFO [stdout]    9:     0x563a6f708fdd - core::ops::function::FnOnce::call_once::hd19fd761fc14e3df
Dec 03 00:51:50.772 INFO [stdout]                                at libcore/ops/function.rs:238
Dec 03 00:51:50.772 INFO [stdout]   10:     0x563a6f72576e - <F as alloc::boxed::FnBox<A>>::call_box::hac903f91577a156c
Dec 03 00:51:50.772 INFO [stdout]                                at libtest/lib.rs:1468
Dec 03 00:51:50.772 INFO [stdout]                                at libcore/ops/function.rs:238
Dec 03 00:51:50.772 INFO [stdout]                                at liballoc/boxed.rs:672
Dec 03 00:51:50.772 INFO [stdout]   11:     0x563a6f7ad809 - __rust_maybe_catch_panic
Dec 03 00:51:50.772 INFO [stdout]                                at libpanic_unwind/lib.rs:102
Dec 03 00:51:50.772 INFO [stdout]   12:     0x563a6f7473c2 - std::sys_common::backtrace::__rust_begin_short_backtrace::hb8f0d0309526c184
Dec 03 00:51:50.772 INFO [stdout]                                at libstd/panicking.rs:289
Dec 03 00:51:50.772 INFO [stdout]                                at libstd/panic.rs:392
Dec 03 00:51:50.772 INFO [stdout]                                at libtest/lib.rs:1423
Dec 03 00:51:50.772 INFO [stdout]                                at libstd/sys_common/backtrace.rs:136
Dec 03 00:51:50.772 INFO [stdout]   13:     0x563a6f747e74 - std::panicking::try::do_call::hc2f7c8b9a348d8db
Dec 03 00:51:50.772 INFO [stdout]                                at libstd/thread/mod.rs:409
Dec 03 00:51:50.772 INFO [stdout]                                at libstd/panic.rs:313
Dec 03 00:51:50.772 INFO [stdout]                                at libstd/panicking.rs:310
Dec 03 00:51:50.772 INFO [stdout]   14:     0x563a6f7ad809 - __rust_maybe_catch_panic
Dec 03 00:51:50.772 INFO [stdout]                                at libpanic_unwind/lib.rs:102
Dec 03 00:51:50.772 INFO [stdout]   15:     0x563a6f7350ac - <F as alloc::boxed::FnBox<A>>::call_box::h6bfded618e480b32
Dec 03 00:51:50.772 INFO [stdout]                                at libstd/panicking.rs:289
Dec 03 00:51:50.772 INFO [stdout]                                at libstd/panic.rs:392
Dec 03 00:51:50.772 INFO [stdout]                                at libstd/thread/mod.rs:408
Dec 03 00:51:50.772 INFO [stdout]                                at liballoc/boxed.rs:672
Dec 03 00:51:50.772 INFO [stdout]   16:     0x563a6f79adfd - std::sys_common::thread::start_thread::h4c28257d67cdf9cb
Dec 03 00:51:50.772 INFO [stdout]                                at liballoc/boxed.rs:682
Dec 03 00:51:50.772 INFO [stdout]                                at libstd/sys_common/thread.rs:24
Dec 03 00:51:50.772 INFO [stdout]   17:     0x563a6f78c275 - std::sys::unix::thread::Thread::new::thread_start::hfecb2e7eff8fd34f
Dec 03 00:51:50.773 INFO [stdout]                                at libstd/sys/unix/thread.rs:90
Dec 03 00:51:50.773 INFO [stdout]   18:     0x7f180339d6b9 - start_thread
Dec 03 00:51:50.773 INFO [stdout]   19:     0x7f1802ebd41c - clone
Dec 03 00:51:50.773 INFO [stdout]   20:                0x0 - <unknown>
Dec 03 00:51:50.773 INFO [stdout] 
Dec 03 00:51:50.773 INFO [stdout] ---- test::tests::connect_bad_hostname_ignored stdout ----
Dec 03 00:51:50.773 INFO [stdout] thread 'test::tests::connect_bad_hostname_ignored' panicked at 'Custom { kind: Other, error: StringError("failed to lookup address information: Temporary failure in name resolution") }', src/test.rs:49:17
Dec 03 00:51:50.773 INFO [stdout] stack backtrace:
Dec 03 00:51:50.773 INFO [stdout]    0:     0x563a6f79885f - std::sys::unix::backtrace::tracing::imp::unwind_backtrace::h3a8b83e1922cbdde
Dec 03 00:51:50.773 INFO [stdout]                                at libstd/sys/unix/backtrace/tracing/gcc_s.rs:49
Dec 03 00:51:50.773 INFO [stdout]    1:     0x563a6f7a2857 - std::sys_common::backtrace::print::h00d3155a29b4020f
Dec 03 00:51:50.773 INFO [stdout]                                at libstd/sys_common/backtrace.rs:71
Dec 03 00:51:50.773 INFO [stdout]                                at libstd/sys_common/backtrace.rs:59
Dec 03 00:51:50.773 INFO [stdout]    2:     0x563a6f79d10f - std::panicking::default_hook::{{closure}}::hd7465c742e79e1bb
Dec 03 00:51:50.773 INFO [stdout]                                at libstd/panicking.rs:211
Dec 03 00:51:50.773 INFO [stdout]    3:     0x563a6f79ce0e - std::panicking::default_hook::h9e3966f2aa2a6e12
Dec 03 00:51:50.773 INFO [stdout]                                at libstd/panicking.rs:221
Dec 03 00:51:50.773 INFO [stdout]    4:     0x563a6f79d7ee - std::panicking::rust_panic_with_hook::h587f091ae747d080
Dec 03 00:51:50.773 INFO [stdout]                                at libstd/panicking.rs:476
Dec 03 00:51:50.773 INFO [stdout]    5:     0x563a6f79d391 - std::panicking::continue_panic_fmt::hb3a4fdede87f43a8
Dec 03 00:51:50.773 INFO [stdout]                                at libstd/panicking.rs:390
Dec 03 00:51:50.773 INFO [stdout]    6:     0x563a6f79d2de - std::panicking::begin_panic_fmt::h387afc7da9a10555
Dec 03 00:51:50.773 INFO [stdout]                                at libstd/panicking.rs:345
Dec 03 00:51:50.773 INFO [stdout]    7:     0x563a6f6ef5e0 - native_tls::test::tests::connect_bad_hostname_ignored::h43ac41eb46c3c287
Dec 03 00:51:50.773 INFO [stdout]                                at src/test.rs:49
Dec 03 00:51:50.773 INFO [stdout]    8:     0x563a6f6ef269 - native_tls::test::tests::connect_bad_hostname_ignored::{{closure}}::hbe73a7b0257e7573
Dec 03 00:51:50.773 INFO [stdout]                                at src/test.rs:45
Dec 03 00:51:50.773 INFO [stdout]    9:     0x563a6f70905d - core::ops::function::FnOnce::call_once::hdce018d73589ec2b
Dec 03 00:51:50.773 INFO [stdout]                                at libcore/ops/function.rs:238
Dec 03 00:51:50.773 INFO [stdout]   10:     0x563a6f72576e - <F as alloc::boxed::FnBox<A>>::call_box::hac903f91577a156c
Dec 03 00:51:50.773 INFO [stdout]                                at libtest/lib.rs:1468
Dec 03 00:51:50.773 INFO [stdout]                                at libcore/ops/function.rs:238
Dec 03 00:51:50.773 INFO [stdout]                                at liballoc/boxed.rs:672
Dec 03 00:51:50.773 INFO [stdout]   11:     0x563a6f7ad809 - __rust_maybe_catch_panic
Dec 03 00:51:50.773 INFO [stdout]                                at libpanic_unwind/lib.rs:102
Dec 03 00:51:50.773 INFO [stdout]   12:     0x563a6f7473c2 - std::sys_common::backtrace::__rust_begin_short_backtrace::hb8f0d0309526c184
Dec 03 00:51:50.773 INFO [stdout]                                at libstd/panicking.rs:289
Dec 03 00:51:50.773 INFO [stdout]                                at libstd/panic.rs:392
Dec 03 00:51:50.773 INFO [stdout]                                at libtest/lib.rs:1423
Dec 03 00:51:50.773 INFO [stdout]                                at libstd/sys_common/backtrace.rs:136
Dec 03 00:51:50.773 INFO [stdout]   13:     0x563a6f747e74 - std::panicking::try::do_call::hc2f7c8b9a348d8db
Dec 03 00:51:50.773 INFO [stdout]                                at libstd/thread/mod.rs:409
Dec 03 00:51:50.773 INFO [stdout]                                at libstd/panic.rs:313
Dec 03 00:51:50.773 INFO [stdout]                                at libstd/panicking.rs:310
Dec 03 00:51:50.773 INFO [stdout]   14:     0x563a6f7ad809 - __rust_maybe_catch_panic
Dec 03 00:51:50.773 INFO [stdout]                                at libpanic_unwind/lib.rs:102
Dec 03 00:51:50.773 INFO [stdout]   15:     0x563a6f7350ac - <F as alloc::boxed::FnBox<A>>::call_box::h6bfded618e480b32
Dec 03 00:51:50.773 INFO [stdout]                                at libstd/panicking.rs:289
Dec 03 00:51:50.773 INFO [stdout]                                at libstd/panic.rs:392
Dec 03 00:51:50.773 INFO [stdout]                                at libstd/thread/mod.rs:408
Dec 03 00:51:50.773 INFO [stdout]                                at liballoc/boxed.rs:672
Dec 03 00:51:50.773 INFO [stdout]   16:     0x563a6f79adfd - std::sys_common::thread::start_thread::h4c28257d67cdf9cb
Dec 03 00:51:50.773 INFO [stdout]                                at liballoc/boxed.rs:682
Dec 03 00:51:50.773 INFO [stdout]                                at libstd/sys_common/thread.rs:24
Dec 03 00:51:50.773 INFO [stdout]   17:     0x563a6f78c275 - std::sys::unix::thread::Thread::new::thread_start::hfecb2e7eff8fd34f
Dec 03 00:51:50.773 INFO [stdout]                                at libstd/sys/unix/thread.rs:90
Dec 03 00:51:50.773 INFO [stdout]   18:     0x7f180339d6b9 - start_thread
Dec 03 00:51:50.773 INFO [stdout]   19:     0x7f1802ebd41c - clone
Dec 03 00:51:50.773 INFO [stdout]   20:                0x0 - <unknown>
Dec 03 00:51:50.773 INFO [stdout] 
Dec 03 00:51:50.773 INFO [stdout] ---- test::tests::connect_google stdout ----
Dec 03 00:51:50.773 INFO [stdout] thread 'test::tests::connect_google' panicked at 'Custom { kind: Other, error: StringError("failed to lookup address information: Temporary failure in name resolution") }', src/test.rs:25:17
Dec 03 00:51:50.773 INFO [stdout] stack backtrace:
Dec 03 00:51:50.773 INFO [stdout]    0:     0x563a6f79885f - std::sys::unix::backtrace::tracing::imp::unwind_backtrace::h3a8b83e1922cbdde
Dec 03 00:51:50.773 INFO [stdout]                                at libstd/sys/unix/backtrace/tracing/gcc_s.rs:49
Dec 03 00:51:50.773 INFO [stdout]    1:     0x563a6f7a2857 - std::sys_common::backtrace::print::h00d3155a29b4020f
Dec 03 00:51:50.773 INFO [stdout]                                at libstd/sys_common/backtrace.rs:71
Dec 03 00:51:50.773 INFO [stdout]                                at libstd/sys_common/backtrace.rs:59
Dec 03 00:51:50.773 INFO [stdout]    2:     0x563a6f79d10f - std::panicking::default_hook::{{closure}}::hd7465c742e79e1bb
Dec 03 00:51:50.773 INFO [stdout]                                at libstd/panicking.rs:211
Dec 03 00:51:50.773 INFO [stdout]    3:     0x563a6f79ce0e - std::panicking::default_hook::h9e3966f2aa2a6e12
Dec 03 00:51:50.773 INFO [stdout]                                at libstd/panicking.rs:221
Dec 03 00:51:50.773 INFO [stdout]    4:     0x563a6f79d7ee - std::panicking::rust_panic_with_hook::h587f091ae747d080
Dec 03 00:51:50.773 INFO [stdout]                                at libstd/panicking.rs:476
Dec 03 00:51:50.773 INFO [stdout]    5:     0x563a6f79d391 - std::panicking::continue_panic_fmt::hb3a4fdede87f43a8
Dec 03 00:51:50.773 INFO [stdout]                                at libstd/panicking.rs:390
Dec 03 00:51:50.773 INFO [stdout]    6:     0x563a6f79d2de - std::panicking::begin_panic_fmt::h387afc7da9a10555
Dec 03 00:51:50.773 INFO [stdout]                                at libstd/panicking.rs:345
Dec 03 00:51:50.773 INFO [stdout]    7:     0x563a6f6ee465 - native_tls::test::tests::connect_google::h4247a406a7cdb3da
Dec 03 00:51:50.773 INFO [stdout]                                at src/test.rs:25
Dec 03 00:51:50.773 INFO [stdout]    8:     0x563a6f6ee109 - native_tls::test::tests::connect_google::{{closure}}::h389ea33a62845c2c
Dec 03 00:51:50.773 INFO [stdout]                                at src/test.rs:23
Dec 03 00:51:50.773 INFO [stdout]    9:     0x563a6f708ecd - core::ops::function::FnOnce::call_once::ha5746e6cae85b50d
Dec 03 00:51:50.773 INFO [stdout]                                at libcore/ops/function.rs:238
Dec 03 00:51:50.773 INFO [stdout]   10:     0x563a6f72576e - <F as alloc::boxed::FnBox<A>>::call_box::hac903f91577a156c
Dec 03 00:51:50.773 INFO [stdout]                                at libtest/lib.rs:1468
Dec 03 00:51:50.773 INFO [stdout]                                at libcore/ops/function.rs:238
Dec 03 00:51:50.773 INFO [stdout]                                at liballoc/boxed.rs:672
Dec 03 00:51:50.773 INFO [stdout]   11:     0x563a6f7ad809 - __rust_maybe_catch_panic
Dec 03 00:51:50.773 INFO [stdout]                                at libpanic_unwind/lib.rs:102
Dec 03 00:51:50.773 INFO [stdout]   12:     0x563a6f7473c2 - std::sys_common::backtrace::__rust_begin_short_backtrace::hb8f0d0309526c184
Dec 03 00:51:50.773 INFO [stdout]                                at libstd/panicking.rs:289
Dec 03 00:51:50.773 INFO [stdout]                                at libstd/panic.rs:392
Dec 03 00:51:50.773 INFO [stdout]                                at libtest/lib.rs:1423
Dec 03 00:51:50.773 INFO [stdout]                                at libstd/sys_common/backtrace.rs:136
Dec 03 00:51:50.773 INFO [stdout]   13:     0x563a6f747e74 - std::panicking::try::do_call::hc2f7c8b9a348d8db
Dec 03 00:51:50.773 INFO [stdout]                                at libstd/thread/mod.rs:409
Dec 03 00:51:50.774 INFO [stdout]                                at libstd/panic.rs:313
Dec 03 00:51:50.774 INFO [stdout]                                at libstd/panicking.rs:310
Dec 03 00:51:50.774 INFO [stdout]   14:     0x563a6f7ad809 - __rust_maybe_catch_panic
Dec 03 00:51:50.774 INFO [stdout]                                at libpanic_unwind/lib.rs:102
Dec 03 00:51:50.774 INFO [stdout]   15:     0x563a6f7350ac - <F as alloc::boxed::FnBox<A>>::call_box::h6bfded618e480b32
Dec 03 00:51:50.774 INFO [stdout]                                at libstd/panicking.rs:289
Dec 03 00:51:50.774 INFO [stdout]                                at libstd/panic.rs:392
Dec 03 00:51:50.774 INFO [stdout]                                at libstd/thread/mod.rs:408
Dec 03 00:51:50.774 INFO [stdout]                                at liballoc/boxed.rs:672
Dec 03 00:51:50.774 INFO [stdout]   16:     0x563a6f79adfd - std::sys_common::thread::start_thread::h4c28257d67cdf9cb
Dec 03 00:51:50.774 INFO [stdout]                                at liballoc/boxed.rs:682
Dec 03 00:51:50.774 INFO [stdout]                                at libstd/sys_common/thread.rs:24
Dec 03 00:51:50.774 INFO [stdout]   17:     0x563a6f78c275 - std::sys::unix::thread::Thread::new::thread_start::hfecb2e7eff8fd34f
Dec 03 00:51:50.774 INFO [stdout]                                at libstd/sys/unix/thread.rs:90
Dec 03 00:51:50.774 INFO [stdout]   18:     0x7f180339d6b9 - start_thread
Dec 03 00:51:50.774 INFO [stdout]   19:     0x7f1802ebd41c - clone
Dec 03 00:51:50.774 INFO [stdout]   20:                0x0 - <unknown>
Dec 03 00:51:50.774 INFO [stdout] 
Dec 03 00:51:50.774 INFO [stdout] 
Dec 03 00:51:50.774 INFO [stdout] failures:
Dec 03 00:51:50.774 INFO [stdout]     test::tests::connect_bad_hostname
Dec 03 00:51:50.774 INFO [stdout]     test::tests::connect_bad_hostname_ignored
Dec 03 00:51:50.774 INFO [stdout]     test::tests::connect_google
Dec 03 00:51:50.774 INFO [stdout] 
Dec 03 00:51:50.774 INFO [stdout] test result: FAILED. 10 passed; 3 failed; 0 ignored; 0 measured; 0 filtered out
Dec 03 00:51:50.774 INFO [stdout] 
Dec 03 00:51:50.774 INFO [stderr] su: No module specific data is present
Dec 03 00:51:51.095 INFO running `"docker" "inspect" "319a8733b1bffebe062f3f90a7a7f7cb853c157bad7808fe940d4822c7633523"`
Dec 03 00:51:51.205 INFO running `"docker" "rm" "-f" "319a8733b1bffebe062f3f90a7a7f7cb853c157bad7808fe940d4822c7633523"`
Dec 03 00:51:51.289 INFO [stdout] 319a8733b1bffebe062f3f90a7a7f7cb853c157bad7808fe940d4822c7633523
